he remainder when 29 is divided by u(p).
9
Let f(u) = -3*u**3 - u**2. Let i = 0 + 1. Let o be f(i). What is the remainder when (1/o)/((-3)/12) is divided by 1?
0
Let k = 4 + -2. Suppose -g - 24 = -k*g. Suppose -3*w + 4*w = o - 18, -33 = -o + 4*w. Calculate the remainder when g is divided by o.
11
Let g(r) = r**3 + 7*r**2 + r - 5. Let q be g(-6). Suppose -3*s + c + q = 0, -5*s = c - 2*c - 39. Calculate the remainder when 13 is divided by s.
6
Let b(c) = -c**3 - 9*c**2 - 9*c + 8. Let h(r) = 2*r**2 + 2*r - 3. Calculate the remainder when b(-8) is divided by h(-3).
7
Let w = 2 + 1. Suppose -25 = -8*s + w*s, 28 = l - 2*s. What is the remainder when l is divided by 13?
12
Suppose -30 = -5*y + 2*y. Let v(r) = 131*r**3 - r. Let m be v(1). Calculate the remainder when m/18 - y/45 is divided by 4.
3
Let v(f) = f**3 + 10*f**2 + 4*f - 3. What is the remainder when v(-4) is divided by ((-12)/18)/((-3)/90)?
17
Let h(i) = -9*i. Suppose 2 = q - 10. What is the remainder when h(-5) is divided by q?
9
Let c be (4/(-6))/((-2)/(-6)). Let x(d) = 12*d**2. What is the remainder when x(c) is divided by 25?
23
Let r(y) = -y**2 - 8*y - 4. Let h be r(-7). Calculate the remainder when h/(3 + 63/(-24)) is divided by 3.
2
Let d(i) = -5*i**3 - 3*i**2 - i + 1. What is the remainder when d(-2) is divided by 17?
14
Let n = -77 + 55. Let j = -14 - n. Let o = j + -4. What is the remainder when 7 is divided by o?
3
Suppose 5*a - 52 = 3*a + 5*n, -2*n - 8 = 0. Let k(w) = w**3 - 6*w**2 + 1. Let u be k(5). Calculate the remainder when (1 + u)/((-3)/6) is divided by a.
14
Let x be 4/6*-3 - -5. Suppose -v + 2*o = 3*v - 18, o + x = 0. Suppose -5*i = d - 9, -4*i - 39 = -v*d - 7*i. What is the remainder when d is divided by 5?
4
Let x(w) = w**3 + 4*w**2 - w. Calculate the remainder when 32 is divided by x(-3).
8
Suppose 4*s = -2*w + 13 + 5, 4*s - 3 = w. Let c = -1 + s. Suppose x - c = 3. Calculate the remainder when 11 is divided by x.
3
Let x = 6 - 2. Let b be ((-6)/10)/(x/20). Let k = 0 - b. What is the remainder when k is divided by 2?
1
What is the remainder when 53 is divided by (-552)/(-39) - (-4)/(-26)?
11
Let l = 41 - 26. Let u(i) = -i + 8. Let o be u(5). Suppose -3*t + 4*m + 34 = 0, o*m + 12 = -0. What is the remainder when l is divided by t?
3
Suppose -31 - 11 = -3*n + 3*r, 0 = -r + 3. Calculate the remainder when 65 is divided by n.
14
Let y(o) = o**3 + 4*o**2 - 5*o + 3. Let f be y(-5). Suppose -f*w = -186 + 66. Let u = -15 - -29. Calculate the remainder when w is divided by u.
12
Suppose 5*d - 16 - 49 = 0. What is the remainder when 63 is divided by d?
11
Suppose -3*s = -3*k + 15, 0*k + 60 = 4*k + 4*s. What is the remainder when 108 is divided by k?
8
Let f(d) = d**2 + 2. Let t be f(0). Let x be t - (-9 - (2 + 0)). Let c = x - 1. Calculate the remainder when 23 is divided by c.
11
Let q = 18 - -2. Calculate the remainder when q is divided by 2/7 + 75/7.
9
Let z = 7 + 67. Suppose -3*x = p - 64, -2*p + z = 3*x - 3*p. Calculate the remainder when 8 is divided by 8/20 - x/(-5).
3
Let k(q) = 0*q**3 - 4*q**2 + 34 - 30 - 2*q**3 + 2*q. Suppose 0 = -v + 6. Calculate the remainder when k(-3) is divided by v.
4
Suppose -5*r + 55 = 5*b, -3*b - 3*r + 32 = r. Calculate the remainder when -1 + 26 + (1 - 3) is divided by b.
11
Let a = 49 + -34. Calculate the remainder when a is divided by 9.
6
Suppose j + 10 = 3*o - 6, -3*o - j + 14 = 0. Suppose f - o = 1. Suppose 3*t - 6*t = -5*y + 116, 3*y - 3*t = 72. Calculate the remainder when y is divided by f.
4
What is the remainder when 3/(-4) - (-783)/36 is divided by 6?
3
Let q(y) = 4*y - 5*y - 1 + 11*y. Calculate the remainder when q(1) is divided by 6.
3
Let s = 3 + -1. Suppose -9 = s*n - 27. Calculate the remainder when n is divided by 5.
4
Let t(k) = 20*k**3 - k + 1. Suppose -5*f + 4*f + 37 = 0. Suppose -5*y - f = -2*i, 0 = 5*i + 2*y - 0*y - 49. What is the remainder when t(1) is divided by i?
9
Suppose -3*m + 75 = 3*x, -4*x + 97 = 6*m - m. What is the remainder when (-5)/(-20) + (-886)/(-8) is divided by x?
27
Let t = 10 + -8. Suppose -t*o + 20 = g, o + 3*o = 5*g - 44. What is the remainder when 47 is divided by g?
11
Suppose -h + 7 = -3. What is the remainder when 27 is divided by h?
7
Let q(u) = u**3 + 5*u**2 - 5*u + 9. Calculate the remainder when q(-5) is divided by 19.
15
Suppose 0*b - 2*b = -2*t - 74, 3*b - 127 = -5*t. Let s(z) = -z**3 + z**2 + 20. What is the remainder when b is divided by s(0)?
19
Let u(z) be the first derivative of z**3/3 - 3*z**2 + 9*z + 3. Calculate the remainder when u(7) is divided by 6.
4
Suppose 2*h = -11 + 35. Let u be 0/(-3)*2/4. Suppose 0*m + m - 4*d - 27 = u, 2*m - 19 = d. What is the remainder when h is divided by m?
5
Let u = 3 - 2. What is the remainder when 5 is divided by 0 - ((-4)/1 + u)?
2
Suppose t - 60 = -2*t. Calculate the remainder when (-1)/4 + 925/t is divided by 16.
14
Suppose -m = 5, 3*m + 33 = 3*w - 51. What is the remainder when 67 - ((-12)/(-18))/((-8)/12) is divided by w?
22
Let c = 1 - -5. Let i = c + 7. Suppose 4 = -5*t + 39. Calculate the remainder when i is divided by t.
6
Suppose -37 = -6*k + 5*k. What is the remainder when k is divided by 15?
7
Let i = 26 + -13. Suppose -41 - i = -3*r. Calculate the remainder when 52 is divided by r.
16
Calculate the remainder when -3 - (3 + 28)/(-1) is divided by 1 - -6*(-6)/(-4).
8
Let i(x) = -5*x - 4*x**2 + 5*x**3 - 8 - x**3 - 3*x**3. Calculate the remainder when i(6) is divided by 19.
15
Let c(d) = 82*d - 19. Let u(t) = -27*t + 6. Let a(w) = -2*c(w) - 7*u(w). Calculate the remainder when a(3) is divided by 24.
23
Let h = 18 + -16. Suppose h*s = 0, b - s = s + 49. What is the remainder when b is divided by 13?
10
Let u(q) = -25*q. Calculate the remainder when u(-1) is divided by (21/(-9))/((-7)/21).
4
Suppose p - 50 = -3*r, -6*r - 4*p = -r - 88. Let w(g) = -2*g + 1. What is the remainder when r is divided by w(-4)?
7
Suppose -3*i + 3 = -27. Calculate the remainder when (-37)/(2*(-2)/4) is divided by i.
7
Suppose -3*a = -5*a + 38. What is the remainder when a is divided by 11?
8
Let i(t) = 2*t**2 - 6*t + 3. What is the remainder when i(-7) is divided by 37?
32
Suppose 0 = -4*x + 3*x + 4. Suppose c = -x*c + 60. Calculate the remainder when 33 is divided by c.
9
Let p be 0/(2/(2/2)). Suppose -2*q + p*q = -k - 25, -3*k + 37 = 2*q. Let m(f) = -f**2 + 10*f - 17. Calculate the remainder when q is divided by m(5).
6
Suppose 0*i = 2*i - 42. Suppose 0 = k + 4*c - c - i, 0 = 3*k - 2*c - 41. Suppose 4*l = 68 + 44. Calculate the remainder when l is divided by k.
13
Let h(x) = 4*x - 4. Let w = 109 + -169. Let z = w - -95. Calculate the remainder when z is divided by h(4).
11
Let b = -15 + 22. What is the remainder when (-8)/((-10)/(-45)*-3) is divided by b?
5
Suppose 4*y - 25 - 3 = 0. Suppose -220 = 2*p - y*p. What is the remainder when p is divided by 15?
14
Let t = 9 + 26. What is the remainder when t is divided by 0 + 12/(-3) - -13?
8
What is the remainder when 27 is divided by -15*8/(-12) - 4?
3
Suppose 3*c + 11 - 56 = 0. What is the remainder when 73 is divided by c?
13
Let o be ((-3)/6)/(2/(-28)). Let c = o - 4. Let l = c + 0. Calculate the remainder when 4 is divided by l.
1
Suppose -2*k = h - 0*k - 15, -5*h + k = -20. Calculate the remainder when 13 is divided by h.
3
Let w = 6 - -5. Suppose -4*g - d + 256 = 4*d, -2*g - 4*d + 128 = 0. What is the remainder when g is divided by w?
9
Suppose -4*f + 3*z - 2*z = -7, -5*f - 10 = -5*z. Suppose -5*r + 5*j = -85, -f*j + 60 = 4*r + j. What is the remainder when r is divided by 2/8 - 23/(-4)?
4
Suppose 0 = -6*x + 181 - 7. Calculate the remainder when 171 is divided by x.
26
Let r be (-2 + -266)*(-1)/2. Suppose 5*a + 9 - r = 0. Suppose z + 5*y = 10 + a, -z - y = -23. Calculate the remainder when z is divided by 7.
6
Suppose 5*k = -2*t + 24, 4*t + 6*k = 4*k + 32. What is the remainder when 532/20 - 4/(-10) is divided by 0/(-3) + t*2?
13
Suppose -4*l = 5*b - 8, 3*l + 26 = 5*l - 3*b. Calculate the remainder when 10 is divided by l.
3
Suppose -20 = -5*i + 20. Let h = 1 - 4. What is the remainder when 0*h/(-9) + 14 is divided by i?
6
Let t = 46 - 18. What is the remainder when t is divided by 15?
13
Let b(y) = -y**2 + 5*y + 5. Let r be b(5). Suppose -5*o - z = -r*z - 33, 2*z + 30 = 4*o. What is the remainder when 